en 217 is divided by 20.
17
Calculate the remainder when 50 is divided by 34.
16
What is the remainder when 159 is divided by 42?
33
Calculate the remainder when 1599 is divided by 27.
6
Calculate the remainder when 794 is divided by 49.
10
Calculate the remainder when 551 is divided by 70.
61
Calculate the remainder when 7345 is divided by 2448.
1
What is the remainder when 171 is divided by 45?
36
Calculate the remainder when 314 is divided by 7.
6
Calculate the remainder when 63 is divided by 11.
8
Calculate the remainder when 491 is divided by 261.
230
What is the remainder when 3943 is divided by 19?
10
Calculate the remainder when 223 is divided by 110.
3
Calculate the remainder when 615 is divided by 125.
115
What is the remainder when 5 is divided by 3?
2
Calculate the remainder when 79 is divided by 46.
33
Calculate the remainder when 16 is divided by 12.
4
Calculate the remainder when 558 is divided by 43.
42
What is the remainder when 177 is divided by 47?
36
What is the remainder when 54 is divided by 15?
9
Calculate the remainder when 1892 is divided by 26.
20
Calculate the remainder when 1132 is divided by 103.
102
Calculate the remainder when 8199 is divided by 59.
57
Calculate the remainder when 386 is divided by 156.
74
What is the remainder when 666 is divided by 49?
29
Calculate the remainder when 105 is divided by 16.
9
What is the remainder when 1698 is divided by 37?
33
Calculate the remainder when 1001 is divided by 16.
9
Calculate the remainder when 43 is divided by 5.
3
Calculate the remainder when 191 is divided by 53.
32
Calculate the remainder when 925 is divided by 277.
94
Calculate the remainder when 213 is divided by 27.
24
Calculate the remainder when 81 is divided by 37.
7
What is the remainder when 292 is divided by 49?
47
What is the remainder when 3785 is divided by 28?
5
Calculate the remainder when 356 is divided by 87.
8
What is the remainder when 271 is divided by 69?
64
Calculate the remainder when 136 is divided by 23.
21
What is the remainder when 193 is divided by 59?
16
What is the remainder when 1134 is divided by 114?
108
Calculate the remainder when 1405 is divided by 79.
62
Calculate the remainder when 676 is divided by 164.
20
What is the remainder when 8427 is divided by 43?
42
Calculate the remainder when 2030 is divided by 97.
90
Calculate the remainder when 143 is divided by 42.
17
Calculate the remainder when 716 is divided by 147.
128
Calculate the remainder when 1346 is divided by 2.
0
Calculate the remainder when 324 is divided by 90.
54
Calculate the remainder when 116 is divided by 30.
26
What is the remainder when 268 is divided by 18?
16
What is the remainder when 78 is divided by 51?
27
What is the remainder when 1127 is divided by 24?
23
Calculate the remainder when 163 is divided by 86.
77
Calculate the remainder when 423 is divided by 135.
18
What is the remainder when 10506 is divided by 93?
90
What is the remainder when 96 is divided by 23?
4
What is the remainder when 2518 is divided by 36?
34
What is the remainder when 15 is divided by 10?
5
Calculate the remainder when 377 is divided by 63.
62
Calculate the remainder when 269 is divided by 45.
44
What is the remainder when 975 is divided by 318?
21
Calculate the remainder when 912 is divided by 153.
147
What is the remainder when 968 is divided by 51?
50
Calculate the remainder when 7053 is divided by 18.
15
What is the remainder when 137 is divided by 14?
11
Calculate the remainder when 121 is divided by 4.
1
What is the remainder when 331 is divided by 93?
52
Calculate the remainder when 65 is divided by 12.
5
What is the remainder when 25 is divided by 3?
1
Calculate the remainder when 213 is divided by 73.
67
What is the remainder when 1850 is divided by 924?
2
Calculate the remainder when 4732 is divided by 32.
28
What is the remainder when 2137 is divided by 46?
21
Calculate the remainder when 4059 is divided by 30.
9
Calculate the remainder when 2281 is divided by 755.
16
Calculate the remainder when 805 is divided by 742.
63
Calculate the remainder when 39 is divided by 23.
16
Calculate the remainder when 85 is divided by 10.
5
Calculate the remainder when 3139 is divided by 1027.
58
What is the remainder when 600 is divided by 38?
30
Calculate the remainder when 448 is divided by 5.
3
What is the remainder when 60 is divided by 16?
12
What is the remainder when 140 is divided by 29?
24
What is the remainder when 468 is divided by 17?
9
Calculate the remainder when 478 is divided by 40.
38
Calculate the remainder when 854 is divided by 78.
74
Calculate the remainder when 229 is divided by 10.
9
Calculate the remainder when 630 is divided by 313.
4
What is the remainder when 127 is divided by 45?
37
Calculate the remainder when 61 is divided by 8.
5
Calculate the remainder when 191 is divided by 67.
57
What is the remainder when 2740 is divided by 18?
4
What is the remainder when 122 is divided by 21?
17
What is the remainder when 6814 is divided by 71?
69
Calculate the remainder when 649 is divided by 109.
104
What is the remainder when 19 is divided by 1?
0
What is the remainder when 2027 is divided by 537?
416
Calculate the remainder when 109 is divided by 14.
11
Calculate the remainder when 1277 is divided by 26.
3
What is the remainder when 1019 is divided by 93?
89
What is the remainder when 939 is divided by 180?
39
Calculate the remainder when 3379 is divided by 23.
21
What is the remainder when 266 is divided by 23?
13
What is the remainder when 289 is divided by 99?
91
What is the remainder when 3749 is divided by 313?
306
What is the remainder when 220 is divided by 210?
10
Calculate the remainder when 376 is divided by 121.
13
What is the remainder when 519 is divided by 507?
12
Calculate the remainder when 14 is divided by 4.
2
What is the remainder when 161 is divided by 81?
80
Calculate the remainder when 131 is divided by 33.
32
Calculate the remainder when 185 is divided by 100.
85
Calculate the remainder when 45 is divided by 17.
11
Calculate the remainder when 69 is divided by 4.
1
Calculate the remainder when 619 is divided by 32.
11
Calculate the remainder when 254 is divided by 32.
30
Calculate the remainder when 296 is divided by 95.
11
What is the remainder when 200 is divided by 16?
8
What is the remainder when 1525 is divided by 109?
108
Calculate the remainder when 330 is divided by 72.
42
Calculate the remainder when 323 is divided by 36.
35
What is the remainder when 51 is divided by 14?
9
Calculate the remainder when 451 is divided by 221.
9
Calculate the remainder when 837 is divided by 93.
0
What is the remainder when 29371 is divided by 19?
16
What is the remainder when 107 is divided by 37?
33
What is the remainder when 842 is divided by 219?
185
What is the remainder when 5248 is divided by 175?
173
What is the remainder when 320 is divided by 46?
44
Calculate the remainder when 461 is divided by 82.
51
Calculate the remainder when 919 is divided by 84.
79
What is the remainder when 99 is divided by 95?
4
What is the remainder when 334 is divided by 162?
10
Calculate the remainder when 101 is divided by 31.
8
Calculate the remainder when 1553 is divided by 41.
36
What is the remainder when 33 is divided by 4?
1
Calculate the remainder when 8538 is divided by 73.
70
Calculate the remainder when 15 is divided by 9.
6
Calculate the remainder when 2206 is divided by 2203.
3
Calculate the remainder when 803 is divided by 35.
33
Calculate the remainder when 13196 is divided by 88.
84
What is the remainder when 352 is divided by 35?
2
Calculate the remainder when 331 is divided by 162.
7
Calculate the remainder when 781 is divided by 14.
11
Calculate the remainder when 98 is divided by 5.
3
What is the remainder when 1184 is divided by 41?
36
What is the remainder when 119 is divided by 21?
14
Calculate the remainder when 867 is divided by 6.
3
What is the remainder when 2047 is divided by 76?
71
Calculate the remainder when 223 is divided by 15.
13
Calculate the remainder when 803 is divided by 238.
89
What is the remainder when 470 is divided by 152?
14
What is the remainder when 48010 is divided by 19?
16
Calculate the remainder when 8340 is divided by 8326.
14
Calculate the remain